r = m + i. List the prime factors of r.
2, 3
Suppose 0 = -5*x - 3*s + 183, -4*x + 132 = 4*s - 8. Suppose 4*h + x - 239 = 0. Suppose 0 = -4*q + 262 + h. List the prime factors of q.
2, 3, 13
Suppose 5*p - 4*z + 45 = -3*z, 5*p - 4*z = -30. Let s be (p/35)/(1/(-14)). Suppose -2*x + 220 = 3*x - 4*u, s*x - 4*u - 176 = 0. What are the prime factors of x?
2, 11
Suppose 353*g + 357384 = 183*g + 176*g. List the prime factors of g.
2, 14891
Suppose -27798 = -2*c + 63*y - 61*y, -c - y + 13891 = 0. What are the prime factors of c?
5, 7, 397
Let l = 16 + -38. List the prime factors of (-8)/264*6 - 18000/l.
2, 409
Let t(u) = -4*u + u**2 - 21 - u**2 - 3*u**2 + 4*u**2. Let y be t(7). Suppose s + 208 = -0*g + 4*g, -5*g + s + 259 = y. What are the prime factors of g?
3, 17
Let i(k) = k + k**2 - 8*k - 9 + 3. Let h be i(8). Suppose 194 = 5*y - h*r, 25 = 2*y - r - 52. List the prime factors of y.
2, 5
What are the prime factors of (194/1 + 15/(-5))*(0 + 16)?
2, 191
Let p(b) = -b**3 + 21*b**2 - 11*b - 23. Suppose 5*d + d - 120 = 0. List the prime factors of p(d).
157
Suppose 636*m - 616*m + 215881 - 635441 = 0. What are the prime factors of m?
2, 17, 617
Let c = 3 - -133. Let o be c/(1/2 - 5/(-10)). Suppose 3*k = -2*w + o + 70, -2*k = -2*w + 206. What are the prime factors of w?
103
Let i(f) = f**2 - 4*f + 3. Let v be i(4). Suppose 5*u - v*c = 3, u - 3 = -0*u + 3*c. Suppose u = -5*h + 145 + 90. List the prime factors of h.
47
Let l(t) = 3*t - 21. Let y = 23 - 7. Let b be l(y). List the prime factors of ((-63)/b)/((-1)/6).
2, 7
Let m(f) be the second derivative of -47*f**3/6 + 14*f**2 - 8*f + 5. List the prime factors of m(-12).
2, 37
What are the prime factors of (7/(-14))/(1623640/270608 + -6)?
13, 1301
List the prime factors of 6/54 - 140124/(-54).
3, 5, 173
Suppose 1478 = 4*a - 3*j, 0 = -7*a + 9*a - j - 742. List the prime factors of a.
2, 11, 17
Let p(v) = -249*v - 11. Suppose 0 = 9*i - 2*i + 21. List the prime factors of p(i).
2, 23
Let l = 509 - 471. Suppose t = 4*o + l + 875, -3*o = -t + 912. List the prime factors of t.
3, 101
Let x(p) = -p**2 + p + 13. Let l be x(0). Suppose -4*s + 25 - l = 0. Let a(h) = 33*h - 9. List the prime factors of a(s).
2, 3, 5
Let y = -200 - -203. Suppose q = 5*r + 1081, -y*q + r + 4419 = q. What are the prime factors of q?
2, 7, 79
Let f = 1488 + 191. Let h = f + -993. List the prime factors of h.
2, 7
Let x(g) = g**2 + 82*g - 1469. List the prime factors of x(-106).
5, 43
Let j(f) = f**2 - 36*f + 4. Let v be 7*1*(36/(-6))/6. List the prime factors of j(v).
5, 61
Let z be -3*(-1)/(-1) - 1. Let u(n) = 281*n + 8436. Let l be u(-30). What are the prime factors of (z/l)/((-4)/(-18)) + 76?
73
Let a be (3 - 0)/(-1) + 1. List the prime factors of (349/a + -10)*(-4)/6.
3, 41
Let s = -131 - -101. Let c(h) = h**3 + 29*h**2 - 51*h - 42. What are the prime factors of c(s)?
2, 3, 7
Let r(z) = 175*z - 151. Let d = 675 + -670. List the prime factors of r(d).
2, 181
Let l = 113159 - 68396. What are the prime factors of l?
3, 43, 347
Suppose 5*p - 4*t - 61087 = 0, -3*p + 3*t + 24053 = -12595. List the prime factors of p.
17, 719
Let m(l) = 157*l + 6797. List the prime factors of m(-28).
7
Suppose -240 = -3*c + 3*t, -2*c + 225 = 2*t + 53. Let x = -79 + c. Suppose -s = -3*j + 196, -x*j - 2*s + 209 = -39. List the prime factors of j.
2
Let k(a) = 487*a + 24. Let l be k(-3). Let f = l - -2024. List the prime factors of f.
587
Let x = -361 - -2163. List the prime factors of x.
2, 17, 53
Suppose 9*s + 11704 = 16*s. Let p = s - 726. List the prime factors of p.
2, 11, 43
Let t(h) be the first derivative of -5/2*h**2 + 8*h - 1/4*h**4 - 3 - 2*h**3. What are the prime factors of t(-6)?
2, 19
Let d(n) = 504*n - 1055. List the prime factors of d(9).
59
Let w be (-2 - 0/4) + 18/(-1). What are the prime factors of 12/w + 2769/15?
2, 23
Let t be 546/9*9 + 1. Let l = 1744 - 1472. Suppose t = 7*b - l. What are the prime factors of b?
3, 13
List the prime factors of 2/12 + 46732 + -6 + 350/60.
2, 7, 1669
Suppose -2*d - 4*k + 196432 = 2*d, 0 = -2*d - 5*k + 98213. List the prime factors of d.
49109
Suppose 6 - 4 = -u, -2*u + 56 = 4*s. Let k(q) = 14*q + 7. List the prime factors of k(s).
7, 31
Suppose 203*i - 1061905 = 172*i. List the prime factors of i.
5, 13, 17, 31
Let i be (-1)/7 + (-6)/(-42). Suppose -z - 29 + 161 = i. What are the prime factors of 1/(-4) + z/16?
2
Let q be 98/34 - 20/(-170). Suppose -y = q*k - 442, k - 233 = -5*y - 95. What are the prime factors of k?
2, 37
Let f be (13668/18)/((-6)/(-9)). What are the prime factors of (-45)/54 - f/(-6)?
3, 7
Let c(w) = 46*w**3 + 3*w**2 + 34*w - 21. What are the prime factors of c(6)?
3, 7, 487
Let y(v) = -3*v + 48. Let p be y(15). Let d be (9 + -2)/(p/(-1413)). What are the prime factors of d/(-18) - (-2)/(-12)?
3, 61
Let c(z) = 483*z**3 + 9*z**2 - 64*z + 112. List the prime factors of c(3).
2, 6521
Let o = 345 + -254. Let i = o + 159. List the prime factors of i.
2, 5
Suppose 0 = 5*y - 38*y - 266034 + 769185. What are the prime factors of y?
79, 193
Let x = -1965 + 8977. List the prime factors of x.
2, 1753
Let v(z) = -5563*z**3 + z + 1. List the prime factors of v(-1).
5563
Let g(s) = 703*s**2 - 7*s - 7. Suppose 5*m = -3*m - 8. List the prime factors of g(m).
19, 37
Suppose -2*v - 15 = -4*v - 5*t, -t = v - 3. Suppose -2*s + 2*c = 5*c - 335, v = -5*s + 4*c + 780. List the prime factors of s.
2, 5
Let z = 413 - 236. Let j be (-2)/((-129)/42 - -3) + -2. Let b = z - j. List the prime factors of b.
151
Let r = 467 - 312. List the prime factors of r.
5, 31
Suppose -5*a - 4*t = -4*a - 6, -36 = 4*a + t. What are the prime factors of (329/(-5))/(a/50)?
7, 47
Let s(f) be the second derivative of f**5/20 + 17*f**4/12 + 23*f**3/6 - 2*f + 6. List the prime factors of s(-14).
2, 7, 19
Suppose i - 3*h = 10117, 4*h = 15*i - 12*i - 30376. What are the prime factors of i?
2, 17, 149
Let h(k) = 187*k - 2398. What are the prime factors of h(45)?
11, 547
Suppose 241 + 17319 = 8*y. Suppose -y = 7*f - 3238. List the prime factors of f.
149
Let y(o) = 1560*o - 3964. List the prime factors of y(17).
2, 5639
Suppose -s - 2 = -12. Suppose -6*t + s = -t. Suppose -t*l = 3*l - 430. What are the prime factors of l?
2, 43
List the prime factors of ((-14690)/(-113))/((-1675)/1685 - -1).
5, 13, 337
Let j be (3 - -10)/(-13)*279. Suppose -5*p - 1199 + 324 = 0. Let o = p - j. What are the prime factors of o?
2, 13
Let d(s) = -2*s - 28. Let w be d(-14). What are the prime factors of (-4)/20 + w + 1773/15?
2, 59
Let f(d) = -7*d**2 + 19*d**2 + 15 + 0*d - 21*d - 9*d**2. List the prime factors of f(-10).
3, 5, 7
Let o(g) = 150*g - 9555. What are the prime factors of o(158)?
3, 5, 23, 41
Let l be 6/45 - (-56)/30. Suppose -5*z = l*i - z - 20, -5*i = -3*z + 15. Suppose -11*y + 218 + 233 = i. List the prime factors of y.
41
Suppose 0 = 8*y + g - 70279, 4*g + 11168 + 23976 = 4*y. List the prime factors of y.
5, 7, 251
Suppose -26676 = -6*l - 3*l. Suppose 2*p = -2*u + l, 4*p + p = 3*u - 4422. Suppose -8*q - 407 = -u. What are the prime factors of q?
2, 67
Let w(o) = 37*o**2 - 43*o + 417. What are the prime factors of w(-36)?
3, 7, 2377
Let b = 5710 + -3143. What are the prime factors of b?
17, 151
Suppose 3 = 3*r - 0*r, 3*w - 194 = -5*r. Let c = w - 15. List the prime factors of c.
2, 3
Suppose y + 140 = -3*k, 5*y + k - 410 = 8*y. Let b = 216 + y. What are the prime factors of b?
79
Suppose 46 = x + 2*f, 0 = -5*x + 2*f - 107 + 361. Suppose -12*y = -10*y - x. What are the prime factors of -3 + y/9 - (-542)/9?
2, 3, 5
Suppose 1297517 - 206102 = 586*i - 521*i. What are the prime factors of i?
3, 29, 193
Let o be (126/4)/7*(-2)/3. Let t(d) = -40*d + 13. Let b be t(o). List the prime factors of 1878/7 - 38/b.
2, 67
Let j = 8942 + -5608. What are the prime factors of j?
2, 1667
Suppose -2*s + 5*s - 2*v = -92, -5*v + 5 = 0. Let n = s - -33. Suppose a - 206 = -2*a - 2*b, n*b = -2*a + 134. List the prime factors of a.
2, 5, 7
Let l be (9 + -11)/(2/(-3)). Suppose 22 - l = -m. Let b = 85 + m. What are the prime factors of b?
2, 3, 11
Let w(d) be the first derivative of d + 2/3*d**3 + 81/2*d**4 - 3 + 0*d**2. List the prime factors of w(1).
3, 5, 11
Suppose 436897 = 35924*o - 35893*o - 552437. What are the prime factors of o?
2, 3, 197
Suppose 2*a = -p + 43, 3*a